{"id":317,"date":"2022-08-31T15:40:19","date_gmt":"2022-08-31T15:40:19","guid":{"rendered":"https:\/\/tartine.linkpc.net\/?page_id=317"},"modified":"2022-08-31T15:42:28","modified_gmt":"2022-08-31T15:42:28","slug":"le-bon-matos-pour-rouler-pepouze-le-reste","status":"publish","type":"page","link":"https:\/\/blog.nibelheim.fr\/?page_id=317","title":{"rendered":"Le bon matos pour rouler p\u00e9pouze : le reste"},"content":{"rendered":"\n<h2 class=\"wp-block-heading\">Pantalon<\/h2>\n\n\n\n<p>Interdiction de rouler sans au moins un jean &#8211; test\u00e9 et malheureusement approuv\u00e9 : quand tu vois d\u00e9j\u00e0 la tronche d&#8217;un jean apr\u00e8s une gamelle &#8220;pas vite&#8221;, il est urgent d&#8217;opter pour un <strong>gros pantalon en jean, aussi \u00e9pais que possible<\/strong>.<br><strong>Surtout pas de pantalon en nylon, ni de sous-couche en nylon!<\/strong><\/p>\n\n\n\n<p>Pourquoi, me demanderas-tu?<br>Eh bien parce que quand il est chauff\u00e9, le nylon fond! Rien de r\u00e9volutionnaire, certes, <strong>mais quand il fond dans une plaie, c&#8217;est tout de suite moins dr\u00f4le<\/strong>. Et comment dire que quand on glisse sur du bitume, \u00e7a fond tr\u00e8s vite.<br>Donc d\u00e9j\u00e0 qu&#8217;avoir de belles balafres sur les jambes <em>(dans le meilleur des cas)<\/em>, c&#8217;est douloureux\/p\u00e9nible\/moche, mais quand en plus il faut tailler dans le lard <em>(ou dans les muscles)<\/em> pour gratter le nylon fondu dedans, c&#8217;est vraiment un mauvais calcul.<\/p>\n\n\n\n<p><strong>Donc, c&#8217;est du coton tress\u00e9 solidement, quitte \u00e0 avoir plusieurs couches, mais du coton \u00e9pais.<\/strong><\/p>\n\n\n\n<p>Sinon, un jean de moto, dans l&#8217;id\u00e9al!<\/p>\n\n\n\n<h2 class=\"wp-block-heading\">Chaussures<\/h2>\n\n\n\n<p>Le plus important, en passager, c&#8217;est surtout la protection des chevilles.<br>En effet, lorsque l&#8217;on tombe, il n&#8217;est pas rare que la moto suive&#8230; L\u00e0 encore, test\u00e9 et d\u00e9sapprouv\u00e9, et heureusement que j&#8217;avais mes bottes, car \u00e7a a bien frott\u00e9 au niveau des mall\u00e9oles.<\/p>\n\n\n\n<p>J&#8217;encourage donc hautement l&#8217;achat de chaussures montantes, voire de bottes&#8230; De toute fa\u00e7on, avec les jambes pli\u00e9es, les chevilles seront \u00e0 nu avec des chaussures classique, et il ne fait pas fort chaud le matin&#8230;.<\/p>\n\n\n\n<p><strong>Tour de cou<\/strong><\/p>\n\n\n\n<p>Surtout pour le matin, le tour de cou est l&#8217;ami du motard, passager ou non. Pas la peine de prendre une grosse \u00e9charpe qui t&#8217;emp\u00eachera de tourner la t\u00eate, un foulard ira tr\u00e8s bien.<\/p>\n\n\n\n<p><strong>Bouchons d&#8217;oreille<\/strong><\/p>\n\n\n\n<p>Quelques minutes pass\u00e9es au-del\u00e0 de 80km\/h seront une raison plus que suffisante pour tol\u00e9rer des bouchons d&#8217;oreille dans le cas! Pas le choix, car aucun casque n&#8217;est un temple de silence&#8230; Malheureusement.<\/p>\n","protected":false},"excerpt":{"rendered":"<p>Pantalon Interdiction de rouler sans au moins un jean &#8211; test\u00e9 et malheureusement approuv\u00e9 : quand tu vois d\u00e9j\u00e0 la tronche d&#8217;un jean apr\u00e8s une gamelle &#8220;pas vite&#8221;, il est urgent d&#8217;opter pour un gros pantalon en jean, aussi \u00e9pais que possible.Surtout pas de pantalon en nylon, ni de sous-couche [&hellip;]<\/p>\n","protected":false},"author":1,"featured_media":0,"parent":0,"menu_order":0,"comment_status":"closed","ping_status":"closed","template":"","meta":{"footnotes":""},"class_list":["post-317","page","type-page","status-publish","hentry"],"_links":{"self":[{"href":"https:\/\/blog.nibelheim.fr\/index.php?rest_route=\/wp\/v2\/pages\/317","targetHints":{"allow":["GET"]}}],"collection":[{"href":"https:\/\/blog.nibelheim.fr\/index.php?rest_route=\/wp\/v2\/pages"}],"about":[{"href":"https:\/\/blog.nibelheim.fr\/index.php?rest_route=\/wp\/v2\/types\/page"}],"author":[{"embeddable":true,"href":"https:\/\/blog.nibelheim.fr\/index.php?rest_route=\/wp\/v2\/users\/1"}],"replies":[{"embeddable":true,"href":"https:\/\/blog.nibelheim.fr\/index.php?rest_route=%2Fwp%2Fv2%2Fcomments&post=317"}],"version-history":[{"count":3,"href":"https:\/\/blog.nibelheim.fr\/index.php?rest_route=\/wp\/v2\/pages\/317\/revisions"}],"predecessor-version":[{"id":321,"href":"https:\/\/blog.nibelheim.fr\/index.php?rest_route=\/wp\/v2\/pages\/317\/revisions\/321"}],"wp:attachment":[{"href":"https:\/\/blog.nibelheim.fr\/index.php?rest_route=%2Fwp%2Fv2%2Fmedia&parent=317"}],"curies":[{"name":"wp","href":"https:\/\/api.w.org\/{rel}","templated":true}]}}